 prime factors of t(w).
2
Suppose 409034 = -14*v + 143*v - 549952. What are the prime factors of v?
2, 3, 7, 59
Suppose 0 = 2*d + 4*p - 124, 5*d - 248 = d - 3*p. Suppose 0 = 2*r + s - 122, -5*s = 2*r - 60 - d. Let c = r - 15. List the prime factors of c.
2, 23
Let u(c) = -178*c + 89. Let v(l) = -119*l + 60. Let b(d) = -5*u(d) + 8*v(d). List the prime factors of b(-18).
1151
Let m be -2 + (4 - 5) - (-17449 + 0). Suppose 35*d - 13*d = m. List the prime factors of d.
13, 61
Let b = 43998 - 28651. List the prime factors of b.
103, 149
Let c = 11351 + -1768. List the prime factors of c.
7, 37
Suppose 323 = h + 19. Let m = 723 - h. What are the prime factors of m?
419
Suppose -393*m = 5*p - 389*m - 47746, -5*m = -3*p + 28692. What are the prime factors of p?
2, 17, 281
Suppose 17*h - 34*h + 272 = 0. Suppose -h*m + 26*m - 3960 = 0. List the prime factors of m.
2, 3, 11
What are the prime factors of (-357 - 89)/((-12)/174)?
29, 223
Let u = 1262 + -810. Suppose -4*i = -4*r + u, 0 = -0*r + 5*r - i - 561. List the prime factors of r.
2, 7
Let g = 4688 - -7924. What are the prime factors of g?
2, 3, 1051
Let y be (-4)/2*1*(1 - 2). Let d be y/(-18)*-3*6 - 166. What are the prime factors of d/(-5)*(-1 + (-14)/(-4))?
2, 41
Suppose k - 23230 - 6632 = 0. What are the prime factors of k?
2, 3, 7, 79
Suppose 3*i + 14*x - 10403 = 10*x, 5*i = -2*x + 17357. Let s = 4939 - i. List the prime factors of s.
2, 733
Let b = -42 + 57. Let s = -12 - b. List the prime factors of 2/(-6)*-2 + (-549)/s.
3, 7
Let f(h) = -5 + 14 - 7 - 7*h - 7. Let v be f(-1). Suppose v*z - 5*w - 17 - 43 = 0, 3*z = -5*w + 140. List the prime factors of z.
2, 5
Let w(u) = 125*u**2 + 88*u + 595. List the prime factors of w(-7).
2, 7, 109
Let t be (-11)/66 + 40610/12. Suppose -85*w + 89*w = t. Suppose -6*j = -3*j - w. List the prime factors of j.
2, 3, 47
Suppose 0 = 2*y - 10 + 6. Suppose -d = f + 3, -y*d - 12 = 4*f - 0*f. Suppose d = 6*s - s - 380. List the prime factors of s.
2, 19
Let c(s) = 51*s**2 - 278*s + 3662. What are the prime factors of c(14)?
2, 19, 257
Suppose 4*c - 2*i - 11084 = 0, -c + 5*i + 2911 = 158. What are the prime factors of c?
47, 59
Suppose 3*v = 3056 + 958. What are the prime factors of v?
2, 3, 223
Let l(f) = 2*f + 29. Let i(g) = -2*g**3 + 6*g**2 - 5*g - 1. Let x be i(5). Let z be x/6*(-3)/9. List the prime factors of l(z).
43
Suppose -45422 = -59*g + 119247. List the prime factors of g.
2791
Let r(p) = -20*p**3 - p**2 - 7*p - 6. Let v be r(-1). List the prime factors of (v/(-3))/(22/(-858)).
2, 5, 13
Suppose 9*o = 92 - 290. List the prime factors of 12/o + (-181080)/(-198).
2, 457
Let t = -63 + 9. Let v be (-24)/((5/(-3))/(125/(-50))). Let k = v - t. What are the prime factors of k?
2, 3
Let w(k) = 5*k + 176. Let h be w(-35). List the prime factors of -2 - ((h - -2) + -571).
2, 283
Suppose -10 = -4*g - 50. What are the prime factors of ((-114)/g)/(32/960)?
2, 3, 19
Suppose 0 = -2*f + 1371 + 149. Let x = -524 + f. List the prime factors of x.
2, 59
Suppose -7*o = 5*v - 2*o - 10, -4*v = o - 17. Let w = -277 - -487. Suppose -2*m - v*c = m - w, -3*c = 9. List the prime factors of m.
3, 5
Let h(m) = -4*m + 20. Let b be h(2). List the prime factors of 4/(1/(1662/b)).
2, 277
Suppose -2*b = 2*b + 4*b. Suppose b*i - i = -251. Let m = i + -130. What are the prime factors of m?
11
List the prime factors of (((-24749)/(-4))/(((-45)/36)/5))/(-1).
24749
Let d(v) = 117*v**2 + 76*v + 2008. List the prime factors of d(-20).
2, 23, 257
Let p = -1446 - -9170. List the prime factors of p.
2, 1931
Let f(p) = -554*p + 1987. What are the prime factors of f(-22)?
3, 5, 7
Let w be (-12268)/(-4) + (-5 + 0 - -3). Suppose -3*m = -4*n + w, -3581 - 242 = -5*n + m. List the prime factors of n.
2, 191
Let z(l) = 6*l**2 + 10*l - 12. Suppose 2*m = 4, 0 = 13*f - 10*f - 5*m + 22. Let s be (f + 0 + -2 - -3) + -2. List the prime factors of z(s).
2, 11
Suppose 0 = 2*f - 9*f + 8274. Suppose -4*l + 2*g = -f, -5*l + 2*g = -g - 1476. What are the prime factors of l?
3, 11
Let q be (-4)/(-6)*1 - (-29)/(-3). Let z be (347/(-1))/(q - -8). Let f = z - 241. List the prime factors of f.
2, 53
Let l(r) = r**3 - 2*r**2 - 10*r + 12. Let j be l(4). Suppose 5075 = 5*f + j*n - 9*n, -3*n - 1009 = -f. What are the prime factors of f?
2, 509
Let q(l) = 179*l + 289. Let i be q(14). Suppose 5*g = -2*a + 1089, 5*a - i = 11*g - 9*g. What are the prime factors of a?
557
Suppose -57*x + 7385 + 60958 = 0. Let l = 2683 - x. What are the prime factors of l?
2, 7, 53
Suppose -5*i + 4*a = -352953, 637*i - 641*i + 282346 = 5*a. What are the prime factors of i?
70589
Let d = -264 + 5873. List the prime factors of d.
71, 79
Suppose 6*p + 1227 - 177 = 0. Let c = p + 537. List the prime factors of c.
2, 181
Suppose -5*c + 76 = -79. Let n = 35 - c. Suppose o - 367 = -n*k, 3*k + 4*o - 209 - 63 = 0. What are the prime factors of k?
2, 23
Suppose 4*n = -12*i + 9*i + 54490, -2*n = -5*i + 90782. List the prime factors of i.
2, 7, 1297
List the prime factors of (190224/54)/(2/9).
2, 3, 1321
What are the prime factors of (3 - 25655/14)/((-9)/54)?
3, 3659
Let m(k) = 9*k - 68. Let l be m(8). What are the prime factors of l - (73 + 0)/((-11)/33)?
223
Suppose -9*l = -12*l + 1308. Suppose -3*i - l = 5*c, 3*c - 2*c + 92 = i. Let s = c - -190. List the prime factors of s.
101
Let h(p) = -139*p**3 + 2*p**2 + 8*p + 7. Suppose 10*b + 30*b + 80 = 0. What are the prime factors of h(b)?
11, 101
Suppose -3*s + 17199 = 2*d, -3*s + 4*d + 19306 = 2125. List the prime factors of s.
11, 521
Suppose -10*w + 8*w + 1490 = -z, z = -2*w - 1470. Let g = z - -2172. List the prime factors of g.
2, 173
Let x(f) be the third derivative of 26*f**2 - 4/3*f**3 + 3/8*f**4 - 1/60*f**5 + 0*f + 0. List the prime factors of x(4).
2, 3
Let p be (690/4)/3*(-260)/(-50). Let u(k) = 3*k**2 - 7*k + 8. Let i be u(-7). Let a = p - i. List the prime factors of a.
5, 19
Suppose -3*r = 3, 2*d - 7*r = -9*r - 2354. What are the prime factors of -1 + d/(-4) + -5?
2, 3
Suppose 0 = -4*a - 4*i - 728, 6*a - 4*i + 688 = 2*a. Let w = 104 - a. What are the prime factors of w?
281
Let r(b) = -b**3 + 11*b**2 - 21*b + 21. Let j be r(9). Let d = -63 + j. Let f = d - -343. List the prime factors of f.
2, 137
Let g(p) = -p**3 - 28*p**2 - 103*p - 23. Let n be g(-24). Suppose 4800 = n*l - 135*l. What are the prime factors of l?
2, 3, 5
Let p(d) = 113*d - 22. Let k be ((-11)/(220/48))/(10/(-25)). List the prime factors of p(k).
2, 41
Suppose -5*m = -2*m + 228. Let h = 69 - m. Suppose -55 = -4*q + h. What are the prime factors of q?
2, 5
Let t = 84 - 32. What are the prime factors of ((-5265)/t)/((-6)/16)?
2, 3, 5
Suppose 21159 = 12*p - 8*p - 5*q, 2*p - 2*q = 10582. List the prime factors of p.
2, 331
Suppose -4*i + i + 8 = n, -4*i = -5*n + 2. Let l = n + 32. List the prime factors of 1424/l + 2/17.
2, 3, 7
Suppose -3*s + 17 = 4*p, 0*p = 3*p - 5*s - 20. Suppose -p*o - 2*l = -2*o + 47, -5*o + 5*l = 120. What are the prime factors of (o + 2)/(2/(-4))?
2, 17
Let z(u) = u - 28. Let b be z(26). Let x(d) = -159*d + 17. List the prime factors of x(b).
5, 67
What are the prime factors of (-15)/6 + -28*(-47015)/40?
2, 19, 433
Let c(b) = b**2 - 15*b - 16. Let l be c(16). Let f be (-3 + l + 7)*6/8. Suppose 0 = -5*m + 4*h + 496, -5*m - f*h + 464 = h. List the prime factors of m.
2, 3
Let v be (-4 - 115/(-10))*4. What are the prime factors of -49 + 43 + v*9?
2, 3, 11
Suppose 3*a + 2*k + 4133 = 40317, -3*k = -5*a + 60294. List the prime factors of a.
2, 3, 5, 67
Suppose -44*j + 11*j + 624096 = 0. List the prime factors of j.
2, 3, 197
Suppose -229*f + 10094340 = 37*f + 104*f. List the prime factors of f.
2, 3, 4547
Let i(l) = -3*l**3 + l**2 + 3*l + 16. Let f(v) = -v**2 - 16*v - 41. Let x be f(-12). Let g = 3 - x. What are the prime factors of i(g)?
2, 53
Let b(d) = d**2 + 37*d + 106. Let l be b(-34). Let g(t) = 0 + 20*t - 27 - 2*t. List the prime factors of g(l).
3, 5
Suppose -2*d = -y - 6, -3*d + y - 2 = -10. Suppose -2*b = 4*p - 586, 4*b - d*p = 591 + 621. List the prime factors of b.
7, 43
Suppose 3*u + 79781 = 4*t, 31*u - 34*u + 59820 = 3*t. What are the prime factors of t?
7, 11, 37
Let o = 6 - 8. List the prime factors of (547 - -17) + (3 - o/2).
2, 71
Suppose 47*x + 17*x - 199034 = -19*x. List the prime factors of x.
2, 